Let z = -119 - t. Suppose -2*u - 18 = -4*r - z, 5*r = -10. What is the units digit of u?
6
Let x(d) = 35*d**2 + 3*d - 9. Suppose -19*s = -9*s - 30. What is the hundreds digit of x(s)?
3
Let i = 158 - 183. What is the thousands digit of ((-14)/(-20) + 5/i)*2292?
1
Let s = -86213 - -159237. What is the tens digit of s?
2
Suppose 2*j = -4, -5*j = -a - a - 102. What is the tens digit of 14/(-3)*(-5 - (-4184)/a)?
7
Suppose -3*i + l - 4*l - 6 = 0, l + 4 = i. Let y be -89 - (i/3)/((-1)/(-3)). What is the tens digit of (-4)/18 - (-160)/y - -71?
6
What is the units digit of 13/(-5) - (-8677099)/215?
6
Let k = -134 + 239. Let v be (-2163)/k - (1 + (-8)/5). Let l(h) = 2*h**3 + 40*h**2 - 4*h + 9. What is the units digit of l(v)?
9
Suppose 5*o - 34920 = -k + 64130, -o + 19791 = 4*k. What is the thousands digit of o?
9
Let p = 624 + -628. What is the units digit of p - 5526/(-2 + -4)?
7
Suppose -1 = -9*l + 10*l. Let p(j) = -18*j + 12. What is the tens digit of p(l)?
3
Let o(a) = -13*a**2 + 6*a - 9. Let b be o(6). Suppose 5*w - 18*x + 15*x = 15, 0 = -x - 4*x. What is the hundreds digit of b/(-4) - w/12?
1
Suppose -100*r = -82845 - 152355. What is the thousands digit of r?
2
Let z = 88676 + -52540. What is the units digit of z?
6
Let p be ((-5)/(-2))/(30/72). Suppose -4*c + p*c = 2*f - 1734, -4*f + 5*c = -3463. What is the tens digit of f?
7
Suppose 7*k = 9*f + 8*k - 248427, -3*f - 5*k + 82809 = 0. What is the thousands digit of f?
7
Let v = 58 - 100. Let o be 1184/(-28) + (-3)/(v/4). What is the units digit of (6/4 - 1)*(o - -162)?
0
Let j = 1126 + 2719. Suppose 0 = 2*o + 4*z - 1522, 16*z = 5*o + 18*z - j. What is the units digit of o?
1
Let w = -4063 - -4060. Let h(o) = o**3 - 3*o**2 + 2*o - 2. Let s be h(2). What is the hundreds digit of s*(w - 282/4)?
1
Let r = 745 + -360. Suppose 113 = -8*v + r. What is the units digit of v?
4
Let t = 8701 - -3610. What is the thousands digit of t?
2
Let l(y) = -2*y**3 + 9*y**2 - y + 42. Let g(f) = f**3 + f**2 + 2*f - 1. Let m(x) = g(x) + l(x). What is the hundreds digit of m(9)?
1
Let p(y) = -3*y**3 + y**2 + 3*y - 1. Let n be p(-3). Let j be ((-804)/15)/(8/(-20)). Let z = j - n. What is the tens digit of z?
5
Let i(d) = d**3 + 71*d**2 - 110*d - 120. What is the units digit of i(-48)?
2
Let d(a) be the third derivative of a**6/120 - a**5/12 + a**4/6 + 7*a**3/6 + 8*a**2. Let k be d(4). Suppose -7*c = -84 - k. What is the units digit of c?
3
Let r(j) = -j**3 + 30*j**2 + 5*j + 17. What is the units digit of r(-11)?
3
What is the hundreds digit of 20/100 - 270538/(-10)?
0
Suppose 13*i = 22862 + 15384. What is the thousands digit of i?
2
Let b(w) be the third derivative of w**5/60 - 3*w**4/4 + 2*w**3 - 29*w**2. Let q be b(16). What is the tens digit of (118/q - (-22)/55)*-20?
1
What is the tens digit of ((-14)/(-6))/((-732)/(-458964))?
6
Suppose 0 = 17*t - 15*t - 212. Suppose 4*u = h - t, 101 = 2*h - 4*u - 131. Suppose 2*p - 4*g - h = 0, -260 = -4*p - 3*g - 41. What is the units digit of p?
7
What is the hundreds digit of ((-303234)/(-10) - 2) + (-14)/((-1260)/54)?
3
Let k(x) = 28*x - 19. Let c = -62 - -102. Suppose -w - 6*a = -9*a - 10, -5*a - c = -5*w. What is the hundreds digit of k(w)?
1
Suppose -43*q = -30*q - 26. Suppose -4*s - 4 = 0, -q*s = 3*b + 3*s - 343. What is the tens digit of b?
1
Let b(j) = 41*j**3 + 26*j**2 - 12*j - 47. What is the hundreds digit of b(10)?
4
Let n(b) be the first derivative of -2*b**4 - 4*b + 24. What is the tens digit of n(-3)?
1
Let j = -23 - -28. Suppose -360 = 2*z - j*v + 252, 5*z + 1468 = -3*v. Let c = z - -450. What is the tens digit of c?
5
Let x(f) = f + 7. Let u be x(-4). Suppose 5*a + 25 = 0, u*i = 2*i - 3*a - 3. What is the units digit of 4/(-6) + 560/i?
6
Let c be (-4 + 2)*4 + 89. Let f = 44 + -21. Suppose f - c = -2*m. What is the tens digit of m?
2
Let v = 8166 - 7997. Let g = 150 + -79. Let w = v + g. What is the tens digit of w?
4
Let x(b) = 217*b - 114. Let h be x(8). Suppose -3*c - 3*n + h = -c, 2*c - 5*n - 1590 = 0. What is the tens digit of c?
0
Let m(v) = 15*v**3 - 9*v**2 - 66*v - 125. What is the ten thousands digit of m(13)?
3
Suppose 0 = u - 2*n, 5*u - 5*n - 1 = -6. Let i(p) = -3*p - 2. Let b be i(u). Suppose 3*q + 2*l - 90 = 0, -39 = b*q + 2*l - 157. What is the tens digit of q?
2
Suppose 0 = -4*k + 4*m - 1172 - 180, 0 = -k + 4*m - 326. Let i = k - -623. What is the units digit of i?
1
What is the units digit of (2 + (-14)/8)*9/9*130556?
9
Let b(t) = -t. Let x(y) = 7*y + 2. Let u(v) = -4*b(v) - x(v). Let l be u(-2). Suppose i = -l*o + 173, -2*o - o = -4*i + 597. What is the tens digit of i?
5
Let s(z) = z**3 - 10*z**2 + 17*z - 11. Let x = -175 - -185. What is the hundreds digit of s(x)?
1
Let j = -51 - -57. Let u(l) be the first derivative of 2*l**2 + 52*l + 85. What is the units digit of u(j)?
6
Let x(u) = -11*u**3 + 3*u**2 + 10*u + 17. Let f be (-6)/20*-2 - 138/30. What is the units digit of x(f)?
9
Let f(d) = 9*d - 44. Let y be f(6). What is the units digit of y/2*13/((-455)/(-2478))?
4
Let q(s) = 31*s - 78. Let d be q(3). Suppose 34*h + 1066 = 2*k + 30*h, 3*h - d = 0. What is the tens digit of k?
4
Let g(m) = 72*m**2 + 45*m - 150. What is the hundreds digit of g(7)?
6
Let c be ((-5196)/2)/(2*3/(-6)). Suppose -7*w + 727 = -c. Suppose 5*a - k - 440 = 2*k, -5*a + w = 4*k. What is the tens digit of a?
9
Let x(s) = -24*s**3 + 2*s**2 + 5*s - 5. Let p be x(2). Let u = p + 297. Let d = u + -5. What is the units digit of d?
3
Suppose -3*s - 20 - 22 = 0. What is the thousands digit of ((2 + -4)/(-2))/(s/(-20790))?
1
Let r(w) = 19*w - 3. Let h be r(-7). Let u = 109 - h. Let k = u - 169. What is the units digit of k?
6
Suppose 5*x + 12*f = 11*f + 71011, 2*x - 4*f = 28422. What is the ten thousands digit of x?
1
Let b = -2462 - -4039. Let f = 2547 - b. What is the hundreds digit of f?
9
Suppose 0*j + 108 = -4*j. Let t = -34 - j. Let h = 21 + t. What is the tens digit of h?
1
Let q be 4/((-16)/(-12)) - (-8 - -1). Let a(j) = 12*j - 32 - 9 + q. What is the tens digit of a(15)?
4
Suppose 9335 = 298*j - 290*j - 4161. What is the units digit of j?
7
Suppose -2*u + 40*w - 36*w = -2532, 5*u - 6382 = -3*w. What is the tens digit of u?
7
Suppose 0 = 4*m + v - 100, 6*m - m - 125 = -5*v. Suppose -3*i + 2 + m = 0. Suppose -i*q = -q - 368. What is the tens digit of q?
4
Let w = 97783 + -29455. What is the ten thousands digit of w?
6
Suppose -33*t + 32*t = -187. Suppose 2*q - t = -y - 0*q, 3*y - q - 547 = 0. What is the units digit of y?
3
Let i = -122 - -369. Let n be (-13)/104*4 + (-358)/4. Let d = i + n. What is the tens digit of d?
5
Let a(j) = -17 - 5 - 5 - 13*j. Let h be a(-3). Suppose -2*p - h*p = -3052. What is the hundreds digit of p?
2
Suppose 3*f + 37396 = 3*p - 7*p, -5*p - 46740 = 5*f. What is the units digit of (-24)/9 + p/(-24)?
7
Suppose 5*k = 2*b - 3118, b = 4*k - k + 1557. Suppose -14*s + 6859 = -b. What is the tens digit of s?
0
Suppose -3*h + 143355 + 79413 = 39*h. What is the thousands digit of h?
5
Suppose -188*t = -185*t - 8724. Suppose 8*f - 12*f = -t. What is the hundreds digit of f?
7
Let l(p) = -5*p**3 - p**2 + 4*p + 26. Let i(a) = -11*a**3 - a**2 + 7*a + 54. Let b(d) = -2*i(d) + 5*l(d). What is the hundreds digit of b(-7)?
8
Let h = 671 + -716. What is the units digit of h/2*-86*(-5)/(-15)?
5
Let x = 10486 - 7386. What is the thousands digit of x?
3
Let w = -6850 - -12539. What is the thousands digit of w?
5
Let y(k) = 8*k - 168. Let t be y(21). Suppose 5*f - 2*j - 6173 = -4*j, -5*f + 4*j + 6149 = t. What is the hundreds digit of f?
2
What is the thousands digit of (42/(-6))/((-7)/(-4 - -8453))?
8
Let z = -4792 - -13215. What is the units digit of z?
3
What is the thousands digit of (-2506)/539*-4207 + (-4)/(-22)?
9
Suppose -3*j + 16*a = 18*a - 31369, -j + 8*a + 10465 = 0. What is the hundreds digit of j?
4
Suppose -1133*c - 615712 = -1165*c. What is the hundreds digit of c?
2
Suppose 8 - 32 = -4*x. Suppose -x*h = -1454 - 592. What is the tens digit of h?
4
Let b = -6386 + 13736. What is the units digit of b?
0
Let u be (-1)/(5766/5769 - 1). Suppose -9597 = -5*c + u. Suppose 8*n + n - c = 0. What is the tens digit of n?
5
Let k = 10771 + -5108. What is the hundreds digit of k?
6
What is the tens digit of ((-276)/414)/(4/(-4482))?
4
Let r(c) = -2*c**3 - 5*c**2 -